{"id":108,"date":"2022-10-04T22:42:42","date_gmt":"2022-10-04T20:42:42","guid":{"rendered":"https:\/\/developpement.nokturnes.fr\/?page_id=108"},"modified":"2022-10-04T22:42:42","modified_gmt":"2022-10-04T20:42:42","slug":"evenement-sportif","status":"publish","type":"page","link":"https:\/\/developpement.nokturnes.fr\/?page_id=108","title":{"rendered":"Ev\u00e8nement Sportif"},"content":{"rendered":"\n<p>Agr\u00e9mentez votre manifestation sportive en la sonorisant et en la mettant en lumi\u00e8re.<\/p>\n\n\n\n<p>Nous vous laissons libre choix pour surprendre vos athl\u00e8tes et supporters\u2026<\/p>\n","protected":false},"excerpt":{"rendered":"<p>Agr\u00e9mentez votre manifestation sportive en la sonorisant et en la mettant en lumi\u00e8re. Nous vous laissons libre choix pour surprendre vos athl\u00e8tes et supporters\u2026<\/p>\n","protected":false},"author":1,"featured_media":0,"parent":0,"menu_order":0,"comment_status":"closed","ping_status":"closed","template":"","meta":{"footnotes":""},"class_list":["post-108","page","type-page","status-publish"],"_links":{"self":[{"href":"https:\/\/developpement.nokturnes.fr\/index.php?rest_route=\/wp\/v2\/pages\/108","targetHints":{"allow":["GET"]}}],"collection":[{"href":"https:\/\/developpement.nokturnes.fr\/index.php?rest_route=\/wp\/v2\/pages"}],"about":[{"href":"https:\/\/developpement.nokturnes.fr\/index.php?rest_route=\/wp\/v2\/types\/page"}],"author":[{"embeddable":true,"href":"https:\/\/developpement.nokturnes.fr\/index.php?rest_route=\/wp\/v2\/users\/1"}],"replies":[{"embeddable":true,"href":"https:\/\/developpement.nokturnes.fr\/index.php?rest_route=%2Fwp%2Fv2%2Fcomments&post=108"}],"version-history":[{"count":1,"href":"https:\/\/developpement.nokturnes.fr\/index.php?rest_route=\/wp\/v2\/pages\/108\/revisions"}],"predecessor-version":[{"id":109,"href":"https:\/\/developpement.nokturnes.fr\/index.php?rest_route=\/wp\/v2\/pages\/108\/revisions\/109"}],"wp:attachment":[{"href":"https:\/\/developpement.nokturnes.fr\/index.php?rest_route=%2Fwp%2Fv2%2Fmedia&parent=108"}],"curies":[{"name":"wp","href":"https:\/\/api.w.org\/{rel}","templated":true}]}}