{"id":98,"date":"2022-10-04T22:39:23","date_gmt":"2022-10-04T20:39:23","guid":{"rendered":"https:\/\/developpement.nokturnes.fr\/?page_id=98"},"modified":"2022-10-04T22:39:23","modified_gmt":"2022-10-04T20:39:23","slug":"soiree-privee","status":"publish","type":"page","link":"https:\/\/developpement.nokturnes.fr\/?page_id=98","title":{"rendered":"Soir\u00e9e Priv\u00e9e"},"content":{"rendered":"\n<p>En Amont :<\/p>\n\n\n\n<p>\u2022 Pr\u00e9paration de votre \u00e9v\u00e9nement (Anniversaire, Bapt\u00eame, Soir\u00e9e associative\u2026) selon vos souhaits avec rendez-vous de pr\u00e9paration t\u00e9l\u00e9phonique.<br>\u2022 Libre choix des titres musicaux pour le repas, le bal.<\/p>\n\n\n\n<p>Le jour J :<\/p>\n\n\n\n<p>\u2022 Sonorisation du repas avec micros, collaboration avec vos proches et les diff\u00e9rents prestataires quant aux animations pr\u00e9par\u00e9es.<br>\u2022 Sonorisation et mise en lumi\u00e8re de votre bal avec les diff\u00e9rents effets pr\u00e9alablement d\u00e9finis.<\/p>\n","protected":false},"excerpt":{"rendered":"<p>En Amont : \u2022 Pr\u00e9paration de votre \u00e9v\u00e9nement (Anniversaire, Bapt\u00eame, Soir\u00e9e associative\u2026) selon vos souhaits avec rendez-vous de pr\u00e9paration t\u00e9l\u00e9phonique.\u2022 Libre choix des titres musicaux pour le repas, le bal. Le jour J : \u2022 Sonorisation du repas avec micros, collaboration avec vos proches et les diff\u00e9rents prestataires quant aux animations pr\u00e9par\u00e9es.\u2022 Sonorisation et mise &#8230; <a title=\"Soir\u00e9e Priv\u00e9e\" class=\"read-more\" href=\"https:\/\/developpement.nokturnes.fr\/?page_id=98\" aria-label=\"Read more about Soir\u00e9e Priv\u00e9e\">Lire la suite<\/a><\/p>\n","protected":false},"author":1,"featured_media":0,"parent":0,"menu_order":0,"comment_status":"closed","ping_status":"closed","template":"","meta":{"footnotes":""},"class_list":["post-98","page","type-page","status-publish"],"_links":{"self":[{"href":"https:\/\/developpement.nokturnes.fr\/index.php?rest_route=\/wp\/v2\/pages\/98","targetHints":{"allow":["GET"]}}],"collection":[{"href":"https:\/\/developpement.nokturnes.fr\/index.php?rest_route=\/wp\/v2\/pages"}],"about":[{"href":"https:\/\/developpement.nokturnes.fr\/index.php?rest_route=\/wp\/v2\/types\/page"}],"author":[{"embeddable":true,"href":"https:\/\/developpement.nokturnes.fr\/index.php?rest_route=\/wp\/v2\/users\/1"}],"replies":[{"embeddable":true,"href":"https:\/\/developpement.nokturnes.fr\/index.php?rest_route=%2Fwp%2Fv2%2Fcomments&post=98"}],"version-history":[{"count":1,"href":"https:\/\/developpement.nokturnes.fr\/index.php?rest_route=\/wp\/v2\/pages\/98\/revisions"}],"predecessor-version":[{"id":99,"href":"https:\/\/developpement.nokturnes.fr\/index.php?rest_route=\/wp\/v2\/pages\/98\/revisions\/99"}],"wp:attachment":[{"href":"https:\/\/developpement.nokturnes.fr\/index.php?rest_route=%2Fwp%2Fv2%2Fmedia&parent=98"}],"curies":[{"name":"wp","href":"https:\/\/api.w.org\/{rel}","templated":true}]}}